{"id":403,"date":"2023-05-15T13:25:33","date_gmt":"2023-05-15T16:25:33","guid":{"rendered":"https:\/\/www.r4comex.com.br\/?page_id=403"},"modified":"2023-06-26T13:50:09","modified_gmt":"2023-06-26T16:50:09","slug":"consultoria-em-importacao-curitiba","status":"publish","type":"page","link":"https:\/\/www.r4comex.com.br\/eng\/consultoria-em-importacao-curitiba\/","title":{"rendered":"Consultoria em importa\u00e7\u00e3o Curitiba"},"content":{"rendered":"","protected":false},"excerpt":{"rendered":"","protected":false},"author":1,"featured_media":456,"parent":0,"menu_order":0,"comment_status":"closed","ping_status":"closed","template":"templates\/seo-template.php","meta":{"_acf_changed":false,"footnotes":""},"acf":[],"yoast_head":"<!-- This site is optimized with the Yoast SEO plugin v22.0 - https:\/\/yoast.com\/wordpress\/plugins\/seo\/ -->\n<title>Consultoria em importa\u00e7\u00e3o Curitiba - R4 Comex<\/title>\n<meta name=\"description\" content=\"R4 Comex oferece a melhor consultoria em importa\u00e7\u00e3o de Curitiba. Com anos de experi\u00eancia no mercado, somos refer\u00eancia no setor.\" \/>\n<meta name=\"robots\" content=\"index, follow, max-snippet:-1, max-image-preview:large, max-video-preview:-1\" \/>\n<link rel=\"canonical\" href=\"https:\/\/www.r4comex.com.br\/eng\/consultoria-em-importacao-curitiba\/\" \/>\n<meta property=\"og:locale\" content=\"en_US\" \/>\n<meta property=\"og:type\" content=\"article\" \/>\n<meta property=\"og:title\" content=\"Consultoria em importa\u00e7\u00e3o Curitiba - R4 Comex\" \/>\n<meta property=\"og:description\" content=\"R4 Comex oferece a melhor consultoria em importa\u00e7\u00e3o de Curitiba. Com anos de experi\u00eancia no mercado, somos refer\u00eancia no setor.\" \/>\n<meta property=\"og:url\" content=\"https:\/\/www.r4comex.com.br\/eng\/consultoria-em-importacao-curitiba\/\" \/>\n<meta property=\"og:site_name\" content=\"R4 Comex\" \/>\n<meta property=\"article:modified_time\" content=\"2023-06-26T16:50:09+00:00\" \/>\n<meta property=\"og:image\" content=\"https:\/\/www.r4comex.com.br\/wp-content\/uploads\/2023\/06\/consultoria_em_importacao_curitiba_r4_comex.jpg\" \/>\n\t<meta property=\"og:image:width\" content=\"1024\" \/>\n\t<meta property=\"og:image:height\" content=\"683\" \/>\n\t<meta property=\"og:image:type\" content=\"image\/jpeg\" \/>\n<meta name=\"twitter:card\" content=\"summary_large_image\" \/>\n<script type=\"application\/ld+json\" class=\"yoast-schema-graph\">{\"@context\":\"https:\/\/schema.org\",\"@graph\":[{\"@type\":\"WebPage\",\"@id\":\"https:\/\/www.r4comex.com.br\/consultoria-em-importacao-curitiba\/\",\"url\":\"https:\/\/www.r4comex.com.br\/consultoria-em-importacao-curitiba\/\",\"name\":\"Consultoria em importa\u00e7\u00e3o Curitiba - R4 Comex\",\"isPartOf\":{\"@id\":\"https:\/\/www.r4comex.com.br\/#website\"},\"datePublished\":\"2023-05-15T16:25:33+00:00\",\"dateModified\":\"2023-06-26T16:50:09+00:00\",\"description\":\"R4 Comex oferece a melhor consultoria em importa\u00e7\u00e3o de Curitiba. Com anos de experi\u00eancia no mercado, somos refer\u00eancia no setor.\",\"breadcrumb\":{\"@id\":\"https:\/\/www.r4comex.com.br\/consultoria-em-importacao-curitiba\/#breadcrumb\"},\"inLanguage\":\"en-US\",\"potentialAction\":[{\"@type\":\"ReadAction\",\"target\":[\"https:\/\/www.r4comex.com.br\/consultoria-em-importacao-curitiba\/\"]}]},{\"@type\":\"BreadcrumbList\",\"@id\":\"https:\/\/www.r4comex.com.br\/consultoria-em-importacao-curitiba\/#breadcrumb\",\"itemListElement\":[{\"@type\":\"ListItem\",\"position\":1,\"name\":\"In\u00edcio\",\"item\":\"https:\/\/www.r4comex.com.br\/\"},{\"@type\":\"ListItem\",\"position\":2,\"name\":\"Consultoria em importa\u00e7\u00e3o Curitiba\"}]},{\"@type\":\"WebSite\",\"@id\":\"https:\/\/www.r4comex.com.br\/#website\",\"url\":\"https:\/\/www.r4comex.com.br\/\",\"name\":\"R4 Comex\",\"description\":\"\",\"potentialAction\":[{\"@type\":\"SearchAction\",\"target\":{\"@type\":\"EntryPoint\",\"urlTemplate\":\"https:\/\/www.r4comex.com.br\/?s={search_term_string}\"},\"query-input\":\"required name=search_term_string\"}],\"inLanguage\":\"en-US\"}]}<\/script>\n<!-- \/ Yoast SEO plugin. -->","yoast_head_json":{"title":"Consultoria em importa\u00e7\u00e3o Curitiba - R4 Comex","description":"R4 Comex oferece a melhor consultoria em importa\u00e7\u00e3o de Curitiba. Com anos de experi\u00eancia no mercado, somos refer\u00eancia no setor.","robots":{"index":"index","follow":"follow","max-snippet":"max-snippet:-1","max-image-preview":"max-image-preview:large","max-video-preview":"max-video-preview:-1"},"canonical":"https:\/\/www.r4comex.com.br\/eng\/consultoria-em-importacao-curitiba\/","og_locale":"en_US","og_type":"article","og_title":"Consultoria em importa\u00e7\u00e3o Curitiba - R4 Comex","og_description":"R4 Comex oferece a melhor consultoria em importa\u00e7\u00e3o de Curitiba. Com anos de experi\u00eancia no mercado, somos refer\u00eancia no setor.","og_url":"https:\/\/www.r4comex.com.br\/eng\/consultoria-em-importacao-curitiba\/","og_site_name":"R4 Comex","article_modified_time":"2023-06-26T16:50:09+00:00","og_image":[{"width":1024,"height":683,"url":"https:\/\/www.r4comex.com.br\/wp-content\/uploads\/2023\/06\/consultoria_em_importacao_curitiba_r4_comex.jpg","type":"image\/jpeg"}],"twitter_card":"summary_large_image","schema":{"@context":"https:\/\/schema.org","@graph":[{"@type":"WebPage","@id":"https:\/\/www.r4comex.com.br\/consultoria-em-importacao-curitiba\/","url":"https:\/\/www.r4comex.com.br\/consultoria-em-importacao-curitiba\/","name":"Consultoria em importa\u00e7\u00e3o Curitiba - R4 Comex","isPartOf":{"@id":"https:\/\/www.r4comex.com.br\/#website"},"datePublished":"2023-05-15T16:25:33+00:00","dateModified":"2023-06-26T16:50:09+00:00","description":"R4 Comex oferece a melhor consultoria em importa\u00e7\u00e3o de Curitiba. Com anos de experi\u00eancia no mercado, somos refer\u00eancia no setor.","breadcrumb":{"@id":"https:\/\/www.r4comex.com.br\/consultoria-em-importacao-curitiba\/#breadcrumb"},"inLanguage":"en-US","potentialAction":[{"@type":"ReadAction","target":["https:\/\/www.r4comex.com.br\/consultoria-em-importacao-curitiba\/"]}]},{"@type":"BreadcrumbList","@id":"https:\/\/www.r4comex.com.br\/consultoria-em-importacao-curitiba\/#breadcrumb","itemListElement":[{"@type":"ListItem","position":1,"name":"In\u00edcio","item":"https:\/\/www.r4comex.com.br\/"},{"@type":"ListItem","position":2,"name":"Consultoria em importa\u00e7\u00e3o Curitiba"}]},{"@type":"WebSite","@id":"https:\/\/www.r4comex.com.br\/#website","url":"https:\/\/www.r4comex.com.br\/","name":"R4 Comex","description":"","potentialAction":[{"@type":"SearchAction","target":{"@type":"EntryPoint","urlTemplate":"https:\/\/www.r4comex.com.br\/?s={search_term_string}"},"query-input":"required name=search_term_string"}],"inLanguage":"en-US"}]}},"_links":{"self":[{"href":"https:\/\/www.r4comex.com.br\/eng\/wp-json\/wp\/v2\/pages\/403"}],"collection":[{"href":"https:\/\/www.r4comex.com.br\/eng\/wp-json\/wp\/v2\/pages"}],"about":[{"href":"https:\/\/www.r4comex.com.br\/eng\/wp-json\/wp\/v2\/types\/page"}],"author":[{"embeddable":true,"href":"https:\/\/www.r4comex.com.br\/eng\/wp-json\/wp\/v2\/users\/1"}],"replies":[{"embeddable":true,"href":"https:\/\/www.r4comex.com.br\/eng\/wp-json\/wp\/v2\/comments?post=403"}],"version-history":[{"count":3,"href":"https:\/\/www.r4comex.com.br\/eng\/wp-json\/wp\/v2\/pages\/403\/revisions"}],"predecessor-version":[{"id":458,"href":"https:\/\/www.r4comex.com.br\/eng\/wp-json\/wp\/v2\/pages\/403\/revisions\/458"}],"wp:featuredmedia":[{"embeddable":true,"href":"https:\/\/www.r4comex.com.br\/eng\/wp-json\/wp\/v2\/media\/456"}],"wp:attachment":[{"href":"https:\/\/www.r4comex.com.br\/eng\/wp-json\/wp\/v2\/media?parent=403"}],"curies":[{"name":"wp","href":"https:\/\/api.w.org\/{rel}","templated":true}]}}